uate -3 - (-2 - 2) - -3.
4
Evaluate 2 - ((4 - 7) + 2).
3
-5 + 14 + 1 + -8
2
Evaluate 1 - (6 - 0) - (-7 + 5).
-3
(6 - (-5 - -2)) + -7
2
-3 + 10 + (-22 - -12)
-3
Calculate 8 + (3 - -3 - 11).
3
7 - 7 - -3 - (7 - 0)
-4
Calculate 8 + 0 - 6 - 8.
-6
What is the value of (-1 - 1) + 6 + -2 - 3?
-1
Evaluate (4 - (12 + -2)) + 0.
-6
What is the value of -22 - -28 - (-2 - -12)?
-4
Calculate (20 + -9 - 1) + -11.
-1
-9 - -4 - ((-3 - -13) + -7)
-8
Evaluate 0 + (-3 - -1) + -12 + 14.
0
-1 - 2 - 0 - (27 - 29)
-1
Calculate -6 + (-4 - (-12 + 5)).
-3
What is the value of (-2 - -1) + (5 - (6 - 0))?
-2
2 - 2 - (-2 - -1)
1
1 + (4 - 4) + -5
-4
(-8 - -3) + (1 - 1 - 0)
-5
What is the value of 8 - 12 - (-5 - 1)?
2
What is the value of -3 + 4 + 0 + 1?
2
Calculate -2 - -7 - (4 + -6 - -5).
2
4 - (-5 - (1 + -7))
3
0 + 3 + -1 - 3 - 1
-2
What is the value of (-2 + 1 - 6) + (49 - 47)?
-5
What is (-6 + 0 - -5) + -4?
-5
Evaluate 1 - 6 - (-2 - 0).
-3
What is the value of -9 + (-3 - -16) - 13?
-9
(0 - -3) + (0 - 0)
3
Calculate 10 + -3 - 2 - 1.
4
Calculate -1 + 5 + -3 - 0.
1
Calculate -223 + 227 + (1 + -1 - 2).
2
Evaluate 4 - (16 + (-4 - 1)).
-7
What is the value of 0 + -15 - (8 + -15 - -1)?
-9
0 + 1 + -1 + 0 + -3
-3
What is the value of 6 + -6 + 12 - 7?
5
Evaluate 0 - (-8 - -3 - -3).
2
What is 2 + -11 + (-1 - 0) + 5?
-5
What is the value of -3 + -12 + 9 + 3?
-3
Calculate -4 - (3 - -1 - 11).
3
-4 + (-4 - ((3 - 2) + -8))
-1
What is (6 + -7 - -5) + -3 + -3?
-2
0 + 10 + -2 + (10 - 13)
5
Evaluate (4 + 1 + -1 - -4) + -3.
5
Calculate (4 - 4) + 4 + -1.
3
Calculate 3 + -12 + 2 + 14 + -10.
-3
What is the value of 11 + -4 - (3 - -2)?
2
What is 0 + -4 + (-12 + -5 - -19)?
-2
Evaluate -3 + 3 - (-2 - -1) - 6.
-5
Evaluate (-5 - 4) + 4 - -2.
-3
What is the value of 2 - ((0 - 0) + 5 - 2)?
-1
(-2 + -6 - -1) + -3 + 6
-4
What is the value of 5 + -2 + (-5 - -5)?
3
Evaluate 30 + -32 - (0 + (-1 - 1)).
0
Evaluate -6 - (1 - 5 - 4).
2
What is (0 - 0) + 1 + 0 + -5?
-4
What is (-6 - -8) + -1 + -2 + 2?
1
Calculate -4 + 1 + -2 + 0.
-5
Calculate (8 - 8) + 0 + -1 - -2.
1
What is the value of -109 - -102 - (-1 + -8)?
2
8 + (-3 - (12 + (2 - 0)))
-9
Evaluate 2 - (-10 + 7) - 8.
-3
-1 + (1 + -7 - (20 + -23))
-4
(-38 + 31 - (-2 + 0)) + -5
-10
Evaluate -2 + -1 - 1 - -3.
-1
6 - (0 - 0 - (-13 - 0))
-7
What is 11 - (9 - 2) - 6?
-2
Calculate (2 - (1 + 3)) + (-7 - -9).
0
Calculate 5 + -1 - 1 - 4.
-1
Evaluate -11 + 12 + (11 - (2 - -1)).
9
Calculate 30 + -26 + -4 + 1.
1
Evaluate -10 + (4 - 11) + 13.
-4
What is -4 + (36 - 29) + (0 - 0)?
3
Calculate 2 + (7 - -2) + -5.
6
What is -5 + (-3 - (-8 + 0 + 3))?
-3
What is -5 - (-2 + (-6 - -13) + -7)?
-3
Evaluate 1 + 2 - (-3 + 0).
6
Evaluate (9 - (16 - 13)) + 1.
7
Evaluate -2 - 0 - (-11 + 3).
6
What is (3 - 5) + (0 - 2)?
-4
What is the value of -3 + 3 - 3 - (-4 - 1)?
2
Calculate -1 - (-2 + -4 + 7).
-2
Evaluate -1 + 8 + -10 + 3.
0
What is the value of (5 - 7) + 5 + -6?
-3
Evaluate -2 - (8 + -6) - 0.
-4
Calculate (-4 - (-10 - -7)) + -1.
-2
Evaluate -3 - 1 - (-14 - (1 - 6)).
5
Calculate 2 + (-5 - -2) + (9 - 3).
5
What is (-4 - -5) + 5 + 1 - 4?
3
Calculate (-2 - (1 + -4)) + -7 + 1.
-5
(-2 - 0 - (5 - -2)) + 5
-4
What is 12 - (-6 + 14 + (-7 - -5))?
6
Calculate 3 - (-5 - (6 + -6 - 3)).
5
Calculate 5 - (4 + 5 + -3) - -2.
1
Evaluate 7 + (-2 - -3 - 3).
5
What is the value of -1 + 4 + (0 - 0) + -2?
1
-4 + 7 + (-1 - 2) + -2
-2
What is (-39 - -38) + -2 + -3?
-6
What is 9 + -7 + 6 - (1 - -3)?
4
Calculate 2 - (-9 - (-2 - 7)).
2
What is 5 + -1 + (3 - 4) + 4?
7
What is 6 - (15 - 8) - (-6 + 0)?
5
Calculate 1 + -4 + 2 + (3 - -1).
3
What is the value of -2 + (3 - 5) + 5?
1
Evaluate (-19 - -24) + (3 - (6 - -1)).
1
Evaluate (4 + -3 - 6) + 0.
-5
Evaluate 12 + 6 + -13 + 0.
5
2 + 4 - (10 + -10)
6
Evaluate -3 + (-1 - (-4 - 0 - 3)).
3
(-14 - -7) + -2 - -13
4
Calculate 9 + -16 - (-1 - -2).
-8
What is the value of 5 + (5 - (4 + 5))?
1
What is the value of -2 - (0 + -5) - 1 - -5?
7
What is -4 + -4 + 4 - (-9 + 12)?
-7
Calculate -5 + (0 - -3) + 1 - -1.
0
Evaluate -1 - (4 + -5 - 3).
3
What is 2 + -1 + 32 + -36?
-3
-3 + (-7 - -3) + 2 + 1
-4
What is 3 - (-4 + 0 + 7)?
0
What is the value of -17 + 16 - (1 - (2 + 1))?
1
Calculate 8 - (0 - (-9 + 5)).
4
What is the value of (-19 - -21) + 0 + -2 - 5?
-5
What is the value of 5 + -2 - 1 - (1 + 1)?
0
-3 - (-5 - (1 + -2))
1
Evaluate (-2 - 2 - 0) + 0.
-4
What is (0 - 1) + 29 + -29?
-1
Evaluate 7 + (-6 - 3 - -4).
2
Calculate 0 + -2 + 6 + -1.
3
What is the value of -4 + (0 - -1) + -1?
-4
Evaluate (-10 - -14) + -1 + -3 + -1.
-1
Evaluate -21 - -12 - (-2 + -2) - -8.
3
What is -4 - (3 - (6 - 5))?
-6
Evaluate 8 + -10 + 5 + 0.
3
(0 - -6) + -11 + 2
-3
Calculate 2 + 1 + -7 + (-2 - -8).
2
Calculate 4 + 2 + -5 + -4.
-3
Evaluate -1 + 0 - (2 + 3 + -5).
-1
What is -2 + -2 + (-9 - -6)?
-7
What is the value of (0 - -6) + (-2 - 0) - 6?
-2
Evaluate 5 - -2 - (6 + 1 + -4).
4
What is the value of 1 + (-5 - -2) - 1?
-3
Evaluate 0 + 4 - (-2 + 9 + -5).
2
Evaluate (3 - 5) + (-15 - -16).
-1
Evaluate -3 + (-5 + 2 - -3).
-3
Evaluate -8 - -14 - (14 - (4 - 3)).
-7
Calculate 1 - -2 - (0 - (-7 - -3)).
-1
6 + 1 + (-11 - (5 - 11))
2
What is (-5 - (-2 - 16)) + -4 - 4?
5
Calculate (4 - 0) + (2 - 10).
-4
What is -9 + (4 + -5 - -6)?
-4
37 - 14 - 25 - (0 - -3)
-5
What is 3 - -2 - (-47 - -55)?
-3
-3 + (2 - (-2 + -6))
7
What is the value of -6 + 3 - 5 - (-4 + 0)?
-4
Evaluate -3 - (-9 + 8 - -1) - -3.
0
What is the value of 2 + (-11 - -3) - -9?
3
Evaluate 0 - ((-5 - (-6 - 0)) + -6).
5
What is 5 - (-3 + 0 + 5 - -1)?
2
Evaluate -26 - -12 - (-11 - -1).
-4
What is 5 + (7 - 3 - 8)?
1
What is the value of 0 + 1 - (5 + -5 + -5)?
6
What is the value of 5 + 3 + -6 + 0?
2
What is the value of 0 - (23 - 19) - (-8 - -1)?
3
-2 + (12 - (8 - 11) - 8)
5
What is -1 + -6 + 4 + -1?
-4
Calculate (-20 - -19) + -1 + 5 + -6.
-3
What is -4 - -4 - -2 - (-1 - -5)?
-2
Calculate -104 + 112 - (14 - 1).
-5
What is (3 - 4) + (1 - 3)?
-3
What is the value of (3 - (0 + 1)) + -4 + -1?
-3
What is (2 - 5) + (-8 + 7 - -4)?
0
Evaluate -5 + 9 - (-2 - -10).
-4
Calculate (1 - 1) + -4 + -1.
-5
Evaluate -89 - -79 - (-15 + 0).
5
Calculate -14 - (9 - 20 - -2).
-5
0 + (12 + (8 - 16) - 13)
-9
Calculate -6 + 1 + 12 + 0.
7
Evaluate 4 + (2 - 1) + -2.
3
Calculate 1 - 1 - (11 + (-5 - 2)).
-4
What is -4 - (-5 + 1 + 3)?
-3
What is the value of 4 + (-8 - (-3 - (-1 + -2)))?
-4
What is (-1 + -5 - -3) + -2 + 4?
-1
What is -2 + (-9 - -5 - -4) + -2?
-4
What is -3 + (4 - (3 - 2)) + -5?
-5
What is 0 + -3 + -2 + (1 - -4)?
0
What is 1 + -1 + -6 - (32 - 45)?
7
(-2 - 6 - -2) + 8
2
What is the value of -9 - ((-1 - -7) + -3 + -9)?
-3
What is -2 + -3 + 7 - 4 - -2?
0
-7 + 7 + 1 + 3 + -1
3
Evaluate 3 - (-2 - -3) - (-3 + 7).
-2
Evaluate 0 + 2 + -5 + 1.
-2
(5 - (0 + 4)) + 2
3
(0 - (-11 + 5) - 10) + 3
-1
Calculate 11 + 7 + -20 + -4.
-6
(-10 - -6) + (2 - 2) - 0
-4
Evaluate -1 + -1 + 6 + -8 + 0.
-4
What is -5 + 3 + (0 - -13) - 3?
8
What is 2 - (-6 - (0 + -6))?
2
What is -7 + 13 + 0 - 2?
4
Evaluate (11 - 2) + -2 + -11.
-4
Calculate 5 - (0 - 11) - 8.
8
Evaluate (-26 - -26) + (1 - -2).
3
What is -9 + -12 + 24 - -1?
4
Calculate -2 - (-7 + 4 + -1).
2
Calculate 2 + (-2 - 6) - -14 - 8.
0
-1 - (3 - (4 - -1))
1
What is the value of -10 + 12 + (-12 - -6)?
-4
Calculate (-2 - 4) + (-3 - (-2 + -2)).
-5
What is -3 - (0 + 1) - (13 - 14)?
-3
(7 - 2) + -1 + (-2 - -1)
3
Evaluate 7 + (0 + 4 - (-3 - -11)).
3
Calculate 3 + (-4 + 10 - (-2 - -10)).
1
What is -9 - 1 - (12 - (-18 - -31))?
-9
Calculate (2 - -5) + (-1 - 1).
5
What is 11 + (-11 - -4 - -1) - 12?
-7
What is the value of -3 + 0 + 2 + 2 + 0?
1
What is the value of 4 + -1 + -1 + 45 + -36?
11
What is 4 + (-1 - -3) - 3?
3
Evaluate 0 - (-11 + 8 + -4).
7
What is the value of 1 + -3 + 0 + 0 + 7?
5
What is the value of -1 + 14 - (10 + -3)?
6
Calculate 11 + -3 + -7 + (6 - -1).
8
Evaluate 5 - (10 + (-15 - -10)).
0
What is the value of -8 + 3 + 1 + 0?
-4
What is the value of -1 + 8 + -7 + 4?
4
Evaluate 1 + 4 + -4 + 2.
3
What is the value of 11 + -13 - -4 - 2?
0
Calculate 3 - (-4 + 3 + -1) - 2.
3
What is the value of -1 + (-3 - -1) - (6 + -12)?
3
-3 + 0 + 0 + 94 + -89
2
58 + -57 + 8 + -3 + 1
7
What is (0 - (-4 + -8 + 7)) + -3?
2
Calculate (-4 - -10) + -11 + (-2 - -13).
6
What is the value of 36 + -41 + (9 - 1)?
3
Calculate -7 - (13 - 25) - (1 - 0).
4
What is the value of -